{"id":1140,"date":"2025-02-20T07:51:30","date_gmt":"2025-02-20T06:51:30","guid":{"rendered":"https:\/\/rk-mladost-sm.hr\/?page_id=1140"},"modified":"2025-02-20T07:51:30","modified_gmt":"2025-02-20T06:51:30","slug":"povijest-kluba","status":"publish","type":"page","link":"https:\/\/rk-mladost-sm.hr\/?page_id=1140","title":{"rendered":"POVIJEST KLUBA"},"content":{"rendered":"\n\n\n<h1 class=\"wp-block-heading\"><strong>POVIJEST KLUBA<\/strong><\/h1>\n\n\n\n<p><strong><em>Po\u010deci rukometa u Samoboru<\/em><\/strong><\/p>\n\n\n\n<p>Rukomet se igrao u Bregani od 1952. godine u Dru\u0161tvu za tjelesni odgoj \u201ePartizan\u201c, i u osnovnim \u0161kolama u Samoboru i okolici, ali bez nekih natjecateljskih formi.<\/p>\n\n\n\n<p>\u201eSamoborske novine\u201c od 15. rujna 1956. godine spomenule su po prvi puta \u201emali\u201c rukomet kao \u0161port kojeg se namjerava pokrenuti u Samoboru.<\/p>\n\n\n\n<p>Zanimanje za rukomet je nezadr\u017eivo raslo, pa je u nedjelju, 3. o\u017eujka 1957. godine, a na inicijativu nastavnika tjelesnog odgoja Narodne osmogodi\u0161nje \u0161kole i \u0161kole u\u010denika u privredi, odr\u017eana osniva\u010dka skup\u0161tina Rukometnog kluba \u201eSamobor\u201c.<\/p>\n\n\n\n<p>Skup\u0161tinu je otvorio dr. Ivo Hrgeti\u0107 kratkim pregledom razvoja rukometne igre u svijetu i kod nas. Prvi predsjednik je bio Rudolf Levak, a tajnik Vlado \u017divojinovi\u0107. Klub je uvr\u0161ten u prvu natjecateljsku sezonu 1957\/58. godine, a natjecao se u II. razredu Zagreba\u010dkog podsaveza. Prvi trener bio je dr. Hrgeti\u0107.<\/p>\n\n\n\n<p>U po\u010detku bez igrali\u0161ta, klub je kasnije izgradio prvo igrali\u0161te pored nogometnog igrali\u0161ta u Gornjem kraju. Osnovao je i svoje aktive u nekim tvornicama, \u0161kolama i selima, te potaknuo osnivanje novih klubova. U okviru proslave Dana mladosti 1958. godine organizirao je veliko izlu\u010dno natjecanje za Kup Jugoslavije s 43 prijavljene ekipe. Na\u017ealost, rad kluba bio je kratkotrajan. Osnivanjem rukometnih klubova u mnogim okolnim sredinama, ve\u0107ina igra\u010da je pre\u0161la u te klubove i Rukometni klub \u201eSamobor\u201c se ugasio. Najistaknutiji igra\u010di bili su bra\u0107a Lamot, Mesi\u0107, Dostal, Kari\u0107 i Pa\u0161i\u0107.<\/p>\n\n\n\n<p><strong><em>Op\u0107inski rukometni centar<\/em><\/strong><\/p>\n\n\n\n<p>Utemeljen je 1958. godine, a 28. travnja 1969. godine promijenio je ime u Rukometni odbor op\u0107ine Samobor, da bi kasnije djelovao pod nazivom Rukometni savez. Valja napomenuti da je ovakva struktura organizacije u op\u0107ini bila prva u biv\u0161oj dr\u017eavi i poslu\u017eila je kao eksperiment organizacije na op\u0107inskoj razini. Cilj je bio objediniti rad svih rukometnih klubova u op\u0107ini, te organizirati op\u0107insko prvenstvo, kup natjecanja, turnire i prijateljske utakmice.<\/p>\n\n\n\n<p>U sastavu Rukometnog centra (kasnije saveza) bile su sljede\u0107i rukometni klubovi: Rukometni klub \u201eSamobor\u201c,&nbsp;<strong><em>Rukometni klub \u201eMladost\u201c<\/em><\/strong>, Rukometni klub \u201eRudar\u201c, Rukometni klub \u201ePartizan\u201c, Rukometni klub \u201eSloga\u201c \u2013 Sveta Nedjelja, Rukometni klub \u201eMladost\u201c \u2013 Sveti Martin, Rukometni klub \u201eKon\u0161\u010dica\u201c, Rukometni klub \u201eKristal\u201c, Rukometni klub \u201eZastava\u201c, Rukometni klub \u201eAutomehani\u010dar\u201c, Rukometni klub \u201eOsvit\u201c, Rukometni klub \u201eGradna\u201c, Rukometni klub \u201eJastreb\u201c \u2013 Vrhov\u010dak, Rukometni klub \u201eFotokemika\u201c, Rukometni klub \u201eJapeti\u0107\u201c i Rukometni klub \u201eElektron\u201c.<\/p>\n\n\n\n<p>&nbsp;U radu Rukometnog saveza op\u0107ine Samobor treba istaknuti Rudolfa Levaka, Josipa Leopolda i Tomicu Mihi\u0107a koji su obna\u0161ali du\u017enosti predsjednika, kao i agilne tajnike Emila Bakala, Ljup\u010deta Rizmanovskog, Josipa Skendrovi\u0107a i Zvonka Pape\u0161a.<\/p>\n\n\n\n<p><strong><em>Rukometni klub \u201eMladost\u201c, Samobor<\/em><\/strong><\/p>\n\n\n\n<p>Rukometni klub \u201eMladost\u201c je utemeljio 1959. \u017deljko Zlati\u0107, tada\u0161nji nastavnik u \u0161koli u\u010denika u privredi. 1959\/60. godine brigu o klubu vodio je Branko Stopi\u0107, a nakon toga najvi\u0161e se spominje Josip Leopold koji je kreirao daljnji razvoj mu\u0161kog i \u017eenskog rukometa, \u010de\u0161\u0107e kao organizator, a kada je zatrebalo, i kao trener.<\/p>\n\n\n\n<p>Klub je od prvog dana okupljao veliki broj rukometa\u0161a, a u redovitom prvenstvu nastupale su i po tri mom\u010dadi (Zagreba\u010dka zona, Op\u0107inska liga, pionirska liga). Klub je osvojio vi\u0161e puta kup Samobora, a gostovao je \u0161irom Hrvatske. Mijenjale su se generacije koje su zastupale boje kluba, ali je u nezaboravnom sje\u0107anju ostala igra koju je pru\u017eila jedna od prvih generacija: Vibovec, Dostal, Mesi\u0107, A. Lamot, Teli\u0161man, F. Lamot, Kova\u010devi\u0107, Grgat, Lucari\u0107, Dre\u0161ar, Bari\u010devi\u0107, Ben\u010di\u0107, Jai\u0107, M. Lamot, Plazoni\u0107, Sokolovi\u0107, Stani\u0107, Kun\u0161tek i Bogov\u010di\u0107.<\/p>\n\n\n\n<p><a href=\"https:\/\/web.archive.org\/web\/20180930081144\/http:\/rk-mladost09.com\/wp-content\/uploads\/2017\/12\/Untitled.jpg\"><\/a>RK \u201eMladost\u201d, 1968. godine<\/p>\n\n\n\n<p>Stoje: \u0160u\u0161mak (trener), Mesi\u0107, F. Lamot, Vibovec, Plazoni\u0107, M. Lamot, Leopold (tajnik dru\u0161tva)<\/p>\n\n\n\n<p>\u010cu\u010de: Jaji\u0107, Brekalo, Teli\u0161man, Dostal, A. Lamot, \u017dokalj<\/p>\n\n\n\n<p>U okviru mu\u0161kog sastava Rukometnog kluba \u201eMladost\u201c, a pod okriljem \u0161portskog dru\u0161tva \u201eMladost\u201c, Samobor pokrenut je 1973. godine \u017eenski rukometni klub \u201eMladost\u201c. Utemeljitelji kluba bili su Ivica Rukavina, Bojan Dostal i Tomislav Mihi\u0107.<\/p>\n\n\n\n<p>Osamdesetih godina u okviru mu\u0161kog sastava Rukometnog kluba \u201cMladost\u201d najaktivniji su bili Josip Koleti\u0107, predsjednik kluba, Franjo Lamot, trener seniorske mom\u010dadi i tajnik kluba Tomislav Mihi\u0107. Rukometa\u0161i \u201eMladosti\u201c natjecali su se prete\u017eno u Me\u0111uop\u0107inskoj ligi. U povijesti kluba posebno treba istaknuti uspje\u0161nu sezonu 1986\/87., kada je seniorska mom\u010dad RK \u201eMladost\u201c osvojila Me\u0111uop\u0107insko prvenstvo Zagreba i kao premo\u0107ni pobjednik kvalifikacija stekla pravo nastupa u Hrvatskoj regionalnoj ligi Centar. U kvalifikacijama u Ivani\u0107-Gradu za mom\u010dad \u201eMladosti\u201c su nastupali Brekalo, Martinovi\u0107, Mavra\u010di\u0107,\u0160tajnkler, Modri\u0107, Lisec, Cvetkovi\u0107, \u0110akovac, Pavo\u0161evi\u0107, Fresl, Koleti\u0107, Ciglar, Mo\u010dnik, Orsag, Beketi\u0107, Komin, Puri\u0107, D\u017eimbeg, Kuhar, Bor\u0161i\u0107 i Teli\u0161man.Trener je bio Vlado \u0160tajnkler.<\/p>\n\n\n\n<figure class=\"wp-block-image size-full\"><img loading=\"lazy\" decoding=\"async\" width=\"592\" height=\"385\" src=\"https:\/\/rk-mladost-sm.hr\/wp-content\/uploads\/2025\/02\/image-5.jpeg\" alt=\"\" class=\"wp-image-1442\" srcset=\"https:\/\/rk-mladost-sm.hr\/wp-content\/uploads\/2025\/02\/image-5.jpeg 592w, https:\/\/rk-mladost-sm.hr\/wp-content\/uploads\/2025\/02\/image-5-300x195.jpeg 300w, https:\/\/rk-mladost-sm.hr\/wp-content\/uploads\/2025\/02\/image-5-310x202.jpeg 310w\" sizes=\"auto, (max-width: 592px) 100vw, 592px\" \/><\/figure>\n\n\n\n<p><a href=\"https:\/\/web.archive.org\/web\/20180930081144\/http:\/rk-mladost09.com\/wp-content\/uploads\/2017\/12\/Untitled1.jpg\"><\/a><\/p>\n\n\n\n<p>RK \u201eMladost\u201d, 1977. god.<\/p>\n\n\n\n<p>Stoje: J.Koleti\u0107, D.Koleti\u0107,S.\u0110akovac. D.Engel, K.Luci\u0107, D.Lisec,<\/p>\n\n\n\n<p>\u010cu\u010de: \u017d.Re\u0161etar, M.Vuleti\u0107,B.Dostal, P. Balaban, R.Bermanec, Z.D\u017eimbeg<\/p>\n\n\n\n<figure class=\"wp-block-image size-full\"><img loading=\"lazy\" decoding=\"async\" width=\"593\" height=\"384\" src=\"https:\/\/rk-mladost-sm.hr\/wp-content\/uploads\/2025\/02\/image-6.jpeg\" alt=\"\" class=\"wp-image-1443\" srcset=\"https:\/\/rk-mladost-sm.hr\/wp-content\/uploads\/2025\/02\/image-6.jpeg 593w, https:\/\/rk-mladost-sm.hr\/wp-content\/uploads\/2025\/02\/image-6-300x194.jpeg 300w, https:\/\/rk-mladost-sm.hr\/wp-content\/uploads\/2025\/02\/image-6-310x201.jpeg 310w\" sizes=\"auto, (max-width: 593px) 100vw, 593px\" \/><\/figure>\n\n\n\n<p><a href=\"https:\/\/web.archive.org\/web\/20180930081144\/http:\/rk-mladost09.com\/wp-content\/uploads\/2017\/12\/Untitled2.jpg\"><\/a><\/p>\n\n\n\n<p>RK \u201eMladost\u201d,1987. god.<\/p>\n\n\n\n<p>Stoje: V.\u0160tajnkler, J.Koleti\u0107, D.Ciglar, D.Lisec, M.Mavra\u010di\u0107, S.\u0110akovec, Z.Modri\u0107, T.Fresl<\/p>\n\n\n\n<p>\u010cu\u010de: D.Pavo\u0161evi\u0107, S.Martinovi\u0107, V.Cvetkovi\u0107, K.Mo\u010dnik, I. Brekalo, D.Orsag<\/p>\n\n\n\n<p>Zbog velikih ambicija prvih sastava mu\u0161kog i \u017eenskog ogranka Rukometnog kluba \u201cMladost\u201d, 1989. godine je do\u0161lo do odvajanja mu\u0161kog od \u017eenskog sastava iz dotada\u0161njeg kluba \u201eMladost\u201c.<\/p>\n\n\n\n<p><strong><em>Rukometni klub \u201eSamobor\u201c<\/em><\/strong><\/p>\n\n\n\n<p>U trenucima utemeljenja Republike Hrvatske, mom\u010dad Rukometnog kluba \u201eSamobor\u201c natjecala se u Me\u0111uop\u0107inskoj ligi pod vodstvom nove uprave. Predsjedni\u010dku du\u017enost obna\u0161ao je \u017deljko Lucari\u0107, tajni\u010dku Dra\u017een Bortas, a trener je bio Mladen Tu\u0161ek. Mom\u010dad, formirana od juniora, osvojila je prvo mjesto te je u kvalifikacijama odr\u017eanim u Samoboru, osvojila 1. mjesto i u\u0161la u II. hrvatsku rukometnu ligu \u2013 Sjever.<\/p>\n\n\n\n<p>U sezoni 1992\/93. mom\u010dad \u201eSamobora\u201c nastupala je naj\u010de\u0161\u0107e u sastavu: Varda, Pervan, Masteli\u0107, Cingulin, Ku\u0161i\u0107, Bogov\u010di\u0107, Stanec, Grgat, Brekalo, Tankovi\u0107, D\u017eimbeg i \u017ditkovi\u0107. Na kraju prvenstva klub je osvojio 8. mjesto. Za klupskog tajnika izabran je bio Miro Siketi\u0107.<\/p>\n\n\n\n<p>U sezoni 1993\/94. za predsjednika kluba bio je izabran Mladen Berto\u0161a, a za trenera Damir Serti\u0107. Nakon odlaska trenera Mladena Tu\u0161eka klub su napustili igra\u010di Mario Stanec, Hrvoje Ku\u0161i\u0107 i Du\u0161ko Bogov\u010di\u0107 i oti\u0161li u redove prvoliga\u0161a \u201eMedve\u0161\u010daka\u201c u Zagreb. Klub je imao u toj sezoni vi\u0161e kriznih stanja, a spas od ispadanja izboren je u posljednjem kolu, u gradskom derbiju protiv \u201eRudara\u201c.<\/p>\n\n\n\n<p>Na\u017ealost, u sezoni 1994\/95. zaredali su lo\u0161iji rezultati. Niz objektivnih i subjektivnih razloga je utjecao da klub, koji je imao zna\u010dajno mjesto u sportu grada, prestane s djelatno\u0161\u0107u. U klubu je ponikao Igor Kos, kasnije reprezentativac Hrvatske i igra\u010d RK\u201eBadel 1862\u201c iz Zagreba.<\/p>\n\n\n\n<p><strong><em>Rukometni klub \u201cMladost \u201909\u201d<\/em><\/strong><\/p>\n\n\n\n<p>Osnovan 2009 od strane nekoliko rukometnih entuzijasta predvo\u0111enih Mariom Stanecom i Milan Jeleni\u0107<\/p>\n\n\n\n<p>U po\u010detku je klub okupljao mla\u0111e uzraste, te Seniorski sastav u kojem su kroz natjecanja prolazila mnoga rukometna imena sa na\u0161eg podru\u010dja.<\/p>\n\n\n\n<p>Ja\u010de ekipiranje i okupljanje ve\u0107eg broja djece mla\u0111ih uzrasta zapo\u010delo je oko 2012. godine kada su u klubu kao treneri radili sa mla\u0111im uzrasnim kategorijama Mario Stanec, Darko \u0160tuka i Hrvoje Babi\u0107.<\/p>\n\n\n\n<p>Natjecali su se na razini ZG \u017dupanije u sustavima natjecanja dje\u010daka, mla\u0111ih kadeta i kadeta. U to vrijeme Predsjedni\u0161tvo kluba su sa\u010dinjavali Nikolina Grom Ra\u0111a, Andrea Ternjej, Nikolina Franjko od 2013-2015, a treneri su bili Mario Stanec, Darko \u0160tuka, te proslavljeni rukometa\u0161 intenacionalac koji je ponikao u Samoborskom rukometu \u2013 Igor Kos.<\/p>\n\n\n\n<p>2015. dolazi do smjene Predsjedni\u0161tva kluba, te od tada, pa sve do dana\u0161njih dana klub vode Andrea Ternjej, Ivan\u010dica Mikul\u010di\u0107, Goran Vukovi\u0107 (tajnik) sa ostalim \u010dlanovima Uprave, a treneri u klubu su: Darko \u0160tuka, te na mjesto Igora Kosa dolazi novi trener Du\u0161ko Bogov\u010di\u0107. Promjene u strategiji kluba su vidljive, te igra\u010dki kadar raste iz dana u dan. Klub sudjeluje na nekoliko rukometnih turnira, \u0161to lokalnih, \u0161to me\u0111unarodnih, na kojima ostvaruju zapa\u017eene rezultate.<\/p>\n\n\n\n<p>__________________________________________________________________________<\/p>\n\n\n\n<p>U sezoni <strong>2015\/2016<\/strong> dolazi do smjene trenera mla\u0111ih kadeta, te kormilo preuzima Samoborski rukometni olimpijski pobjednik iz Atlante \u2013 Vladimir \u0160ujster koji se sa njima natje\u010de u 2. Hrvatskoj mla\u0111e kadetskoj rukometnoj ligi. Trener Du\u0161ko Bogov\u010di\u0107 i dalje nastavlja rad s kadetskim sastavom u sustavu natjecanja u 2. Hrvatskoj kadetskoj rukometnoj ligi. Sudjelovanje na rukometnim turnirima se nastavlja i dalje, te su na\u0161i rukometa\u0161i postali sve prepoznatljiviji na lokalnoj i globalnoj rukometnoj sceni.<\/p>\n\n\n\n<figure class=\"wp-block-image size-full\"><img loading=\"lazy\" decoding=\"async\" width=\"604\" height=\"353\" src=\"https:\/\/rk-mladost-sm.hr\/wp-content\/uploads\/2025\/02\/image-7.jpeg\" alt=\"\" class=\"wp-image-1445\" srcset=\"https:\/\/rk-mladost-sm.hr\/wp-content\/uploads\/2025\/02\/image-7.jpeg 604w, https:\/\/rk-mladost-sm.hr\/wp-content\/uploads\/2025\/02\/image-7-300x175.jpeg 300w, https:\/\/rk-mladost-sm.hr\/wp-content\/uploads\/2025\/02\/image-7-310x181.jpeg 310w\" sizes=\"auto, (max-width: 604px) 100vw, 604px\" \/><\/figure>\n\n\n\n<p>RK Mladost sezona 2015\/2016<\/p>\n\n\n\n<p>Stoje:Lo\u017enjak M, Kova\u010di\u0107, Franjko F, Mikul\u010di\u0107 A, Kova\u010devi\u0107-Belak L, Nemani\u0107,<\/p>\n\n\n\n<p>__________________________________________________________________________<\/p>\n\n\n\n<p>U sezoni <strong>2016\/2017<\/strong> klub broji cca 35-40 igra\u010da, od kojih u sustavu natjecanja sudjeluju Kadeti (2. Hrvatska kadetska liga) i Mla\u0111i kadeti (2. Hrvatska mla\u0111a kadetska rukometna liga).<\/p>\n\n\n\n<p>Trenutno se broj igra\u010da kre\u0107e oko 50, od najmla\u0111ih (2008 i mla\u0111i), pa sve do Seniorskog sastava (2002 i stariji). Treneri su Du\u0161ko Bogov\u010di\u0107 i Danijel Lo\u017enjak.<\/p>\n\n\n\n<p>__________________________________________________________________________<\/p>\n\n\n\n<p>U sustavu natjecanja u sezoni <strong>2017\/2018<\/strong> sudjeluju Seniori (Me\u0111u\u017eupanijska liga), Mla\u0111i kadeti (2.Hrvatska Mla\u0111e kadetska rukometna liga), Dje\u010daci (1. Hrvatska rukometna liga dje\u010daci). Klub sa svojim igra\u010dima sudjeluje na nekoliko rukometnih turnira na kojima prikazuje zavidne rezultate (Fa\u0161ni\u010dki turnir Rude, Turnir Mali Medo Gospi\u0107, Turnir Ivica Birov\u010dec Zapre\u0161i\u0107, Me\u0111unarodni rukometni turnir Makarska, Turnir Franjo Gredelj Sveta Nedelja, Rukometni turnir Velika Gorica) Treneri u klubu su Du\u0161ko Bogov\u010di\u0107 (seniorski sastav i dje\u010daci), Danijel Lo\u017enjak (mla\u0111e kadetski sastav), te stru\u010dno-sportski suradnici Mladen Tu\u0161ek i Antonio Mikul\u010di\u0107<\/p>\n\n\n\n<figure class=\"wp-block-image size-full\"><img loading=\"lazy\" decoding=\"async\" width=\"604\" height=\"402\" src=\"https:\/\/rk-mladost-sm.hr\/wp-content\/uploads\/2025\/02\/image-8.jpeg\" alt=\"\" class=\"wp-image-1444\" srcset=\"https:\/\/rk-mladost-sm.hr\/wp-content\/uploads\/2025\/02\/image-8.jpeg 604w, https:\/\/rk-mladost-sm.hr\/wp-content\/uploads\/2025\/02\/image-8-300x200.jpeg 300w, https:\/\/rk-mladost-sm.hr\/wp-content\/uploads\/2025\/02\/image-8-310x206.jpeg 310w\" sizes=\"auto, (max-width: 604px) 100vw, 604px\" \/><\/figure>\n\n\n\n<p>Seniorski sastav sezona 2017\/2018<\/p>\n\n\n\n<p>Stoje: Turkovi\u0107 H, Vukovi\u0107 Z, Bakovi\u0107 F, Ternjej L, Fabekovi\u0107 Z, Fabekovi\u0107 T, Tro\u0161elj F, Prodanovi\u0107 B<\/p>\n\n\n\n<p>Sjede: Stani\u0107 B, Stani\u0107 P, Kuhari\u0107 K, Kuhari\u0107 S, Franjko F, \u0160vigir K, Vukovi\u0107 B<\/p>\n\n\n\n<p>__________________________________________________________________________<\/p>\n\n\n\n<p>U sustavu natjecanja u sezoni <strong>2018\/2019<\/strong> sudjeluju Seniori (3.HRL sredi\u0161te),koji na\u017ealost na kraju natjecanja ostaju na zadnjem mjestu tablice, te ispadaju iz 3. Lige, Kadeti ( 2. Hrvatska kadetska rukometna liga), koji odustaju od natjecanja na polusezoni, Mla\u0111i kadeti (2.Hrvatska Mla\u0111e kadetska rukometna liga), koji u ligi za ostanak osvajaju 1.mjesto sa maksimalnim brojem bodova, &nbsp;Dje\u010daci (1. Hrvatska rukometna liga dje\u010daci), koji osvajaju 16.mjesto. Treneri u klubu su Du\u0161ko Bogov\u010di\u0107 (seniorski sastav i dje\u010daci), Danijel Lo\u017enjak (mla\u0111e kadetski sastav), te stru\u010dno-sportski suradnici Mladen Tu\u0161ek i Antonio Mikul\u010di\u0107<\/p>\n\n\n\n<p>__________________________________________________________________________<\/p>\n\n\n\n<p>U sustavu natjecanja u sezoni <strong>2019\/2020<\/strong> sudjeluju Seniori (cca 15 igra\u010da)(Me\u0111u\u017eupanijska liga), Kadeti (U17 cca 15 igra\u010da)(2. Hrvatska kadetska rukometna liga sredi\u0161te), Mla\u0111i kadeti (U15 cca 15 igra\u010da) &nbsp;(2. Hrvatska mla\u0111e kadetska rukometna liga) I Mini rukomet (cca &nbsp;30 igra\u010da). Treneri u klubu su Du\u0161ko Bogov\u010di\u0107 (seniorski sastavi), Danijel Lo\u017enjak (kadetski sastav), Darko \u0160tuka (mla\u0111e kadetski sastav) te stru\u010dno-sportski suradnik Mladen Tu\u0161ek koji radi sa najmla\u0111im uzrastom.<\/p>\n\n\n\n<p>Odlukom Zagreba\u010dkog rukometnog Saveza od 12.03.2020. uslujed pandemije Korona virusa, &nbsp;suspendirana su sva natjecanja I to: 3. HRL Sredi\u0161te, me\u0111u\u017eupanijske, 2.HKRL Sredi\u0161te, 2. HMKRL Sredi\u0161te, 1. HRLDA sredi\u0161te i 1. HRLDB Sredi\u0161te<\/p>\n\n\n\n<p>Trener Du\u0161ko Bogov\u010di\u0107 odlazi iz kluba.<\/p>\n\n\n\n<p>__________________________________________________________________________<\/p>\n\n\n\n<p>Sezona <strong>2020\/2021<\/strong>, u klub, za rad s kadetskim sastavom sti\u017ee trener Zoran \u017ditkovi\u0107, koji u klubu ostaje do zabrane natjecanja uslijed Covid 19.<\/p>\n\n\n\n<p>27.11.2020., temeljem odluke Hrvatskog rukometnog saveza, a zbog zabrana propisanih od strane HZJZ vezanih uz covid 19,&nbsp; prekidaju se sva rukometna natjecanja ispod Premijer lige I 1. HRL za \u017eene<\/p>\n\n\n\n<p>__________________________________________________________________________<\/p>\n\n\n\n<p>PO\u010cETAK PONOVNOG TRENIRANJA I NATJECANJA<\/p>\n\n\n\n<p>__________________________________________________________________________.<\/p>\n\n\n\n<p>U sustavu natjecanja u sezoni <strong>2021\/2022<\/strong> sudjeluju Seniori (cca 10 igra\u010da) (3. Hrvatska rukometna liga) I Mla\u0111i kadeti (U15 \u2013 cca 10 igra\u010da) (2.Hrvatska mla\u0111e kadetska rukometna liga). Ponovno se radi na okupljanju godi\u0161ta U17, koje se tjekom duge pause \u201craspalo\u201d, no, uporno\u0161\u0107u trenera ipak se aktiviralo, te zapo\u010delo sa radom. Treneri u klubu su Danijel Lo\u017enjak (Seniorski sastav) I Darko \u0160tuka (Kadeti I mla\u0111i kadeti)<\/p>\n\n\n\n<p>_________________________________________________________________________<\/p>\n\n\n\n<p>Sezona <strong>2022\/2023<\/strong> sudjeluju Seniori (cca 10 igra\u010da) (3. Hrvatska rukometna liga) I Kadeti (U17 \u2013 cca 10 igra\u010da) (2.Hrvatska kadetska rukometna liga). Igra\u010di iz pro\u0161le sezone sastava U15 te okupljeni igra\u010di godi\u0161ta U17 stvorili su okosnicu za formiranje sastava U17 sa ovu sezonu I za po\u010detak natjecanja. Pokrenut je rad I u mini rukometu. Treneri u klubu su Danijel Lo\u017enjak (Seniorski sastav), Darko \u0160tuka (Kadeti I mla\u0111i kadeti), te stru\u010dni suradnik Mladen Tu\u0161ek (mini rukomet)<\/p>\n\n\n\n<p>__________________________________________________________________________<\/p>\n\n\n\n<p>Sezona <strong>2023\/2024<\/strong> sudjeluju Seniori (3. Hrvatska rukometna liga) I Kadeti (2.Hrvatska kadetska rukometna liga). Rad u mini rukometu se nastavlja. Treneri u klubu su Danijel Lo\u017enjak (Seniorski sastav), Darko \u0160tuka (Kadeti I mla\u0111i kadeti)<\/p>\n\n\n\n<p>__________________________________________________________________________<\/p>\n\n\n\n<p>ZBOG PROMJENE VODSTVA KLUBA DO\u0160LO JE DO PROMJENE NAZIVA KLUBA U RK MLADOST SVETI MARTIN. SASTAVLJENA JE NOVA UPRAVA, TE SU POSTAVLJENI NOVI CILJEVI ZA SEZONU 2024\/2025<\/p>\n\n\n\n<p>__________________________________________________________________________<\/p>\n\n\n\n<p>Sezona <strong>2024\/2025<\/strong> u natjecateljskom djelu sudjeluju Seniori (Me\u0111u\u017eupanijska liga) I mini rukomet (djevoj\u010dice I dje\u010daci), a trenira jo\u0161 I ekipa dje\u010daka (U13), koje se priprema za netjecateljsku sezonu 2025\/2026 Treneri u klubu su Danijel Lo\u017enjak (Seniorski sastav), Fran Tro\u0161elj (mini rukomet djevoj\u010dice\/dje\u010daci), Janko Na\u010dkar (mini rukomet djevoj\u010dice\/dje\u010daci)<\/p>\n\n\n\n<figure class=\"wp-block-image size-full\"><img loading=\"lazy\" decoding=\"async\" width=\"541\" height=\"344\" src=\"https:\/\/rk-mladost-sm.hr\/wp-content\/uploads\/2025\/02\/image-9.jpeg\" alt=\"\" class=\"wp-image-1446\" srcset=\"https:\/\/rk-mladost-sm.hr\/wp-content\/uploads\/2025\/02\/image-9.jpeg 541w, https:\/\/rk-mladost-sm.hr\/wp-content\/uploads\/2025\/02\/image-9-300x191.jpeg 300w, https:\/\/rk-mladost-sm.hr\/wp-content\/uploads\/2025\/02\/image-9-310x197.jpeg 310w\" sizes=\"auto, (max-width: 541px) 100vw, 541px\" \/><\/figure>\n\n\n\n<p>Seniorski sastav sezona 2024\/2025<\/p>\n\n\n\n<p>Stoje: Deli\u0107 A, Lucevi\u0107 PK, \u010cu\u010dek T, Vidovi\u0107 D, Vukovi\u0107 B, Kova\u010di\u0107 A<\/p>\n\n\n\n<p>Srednji red: Lo\u017enjak D (trener), Obradovi\u0107 L, Tro\u0161elj F, Balen R, Na\u010dkar J, Runtas M<\/p>\n\n\n\n<p>Sjede: Miljani\u0107 R, Kuhar S, Fran\u010dina A, Razum J, Pri\u0161lin P, Ve\u010deri\u0107 I, Mapilele D, Paji\u0107 L<\/p>\n","protected":false},"excerpt":{"rendered":"<p>POVIJEST KLUBA Po\u010deci rukometa u Samoboru Rukomet se igrao u Bregani od 1952. godine u Dru\u0161tvu za tjelesni odgoj \u201ePartizan\u201c,&hellip;<\/p>\n","protected":false},"author":1,"featured_media":0,"parent":0,"menu_order":0,"comment_status":"closed","ping_status":"closed","template":"","meta":{"footnotes":""},"class_list":["post-1140","page","type-page","status-publish","hentry"],"jetpack_sharing_enabled":true,"_links":{"self":[{"href":"https:\/\/rk-mladost-sm.hr\/index.php?rest_route=\/wp\/v2\/pages\/1140","targetHints":{"allow":["GET"]}}],"collection":[{"href":"https:\/\/rk-mladost-sm.hr\/index.php?rest_route=\/wp\/v2\/pages"}],"about":[{"href":"https:\/\/rk-mladost-sm.hr\/index.php?rest_route=\/wp\/v2\/types\/page"}],"author":[{"embeddable":true,"href":"https:\/\/rk-mladost-sm.hr\/index.php?rest_route=\/wp\/v2\/users\/1"}],"replies":[{"embeddable":true,"href":"https:\/\/rk-mladost-sm.hr\/index.php?rest_route=%2Fwp%2Fv2%2Fcomments&post=1140"}],"version-history":[{"count":1,"href":"https:\/\/rk-mladost-sm.hr\/index.php?rest_route=\/wp\/v2\/pages\/1140\/revisions"}],"predecessor-version":[{"id":1447,"href":"https:\/\/rk-mladost-sm.hr\/index.php?rest_route=\/wp\/v2\/pages\/1140\/revisions\/1447"}],"wp:attachment":[{"href":"https:\/\/rk-mladost-sm.hr\/index.php?rest_route=%2Fwp%2Fv2%2Fmedia&parent=1140"}],"curies":[{"name":"wp","href":"https:\/\/api.w.org\/{rel}","templated":true}]}}