{"id":1129,"date":"2024-12-31T20:28:36","date_gmt":"2024-12-31T19:28:36","guid":{"rendered":"https:\/\/rk-mladost-sm.hr\/?page_id=1129"},"modified":"2025-09-21T11:49:46","modified_gmt":"2025-09-21T09:49:46","slug":"raspored-treninga-mini-rukomet","status":"publish","type":"page","link":"https:\/\/rk-mladost-sm.hr\/?page_id=1129","title":{"rendered":"RASPORED TRENINGA MINI RUKOMET"},"content":{"rendered":"\n<p>\u00a0<\/p>\n\n\n\n<figure class=\"wp-block-table is-style-stripes\"><table class=\"has-fixed-layout\" style=\"border-width:36px\"><tbody><tr><td>PONEDJELJAK<\/td><td>Dvorana osnovne \u0161kole Mihael \u0160ilobod<\/td><td>16:30-17:30<\/td><\/tr><tr><td>SRIJEDA<\/td><td>Dvorana osnovne \u0161kole Mihael \u0160ilobod<\/td><td>16:30-17:30<\/td><\/tr><tr><td>PETAK<\/td><td>Dvorana osnovne \u0161kole Mihael \u0160ilobod<\/td><td>16:30-17:30<\/td><\/tr><\/tbody><\/table><\/figure>\n","protected":false},"excerpt":{"rendered":"<p>\u00a0 PONEDJELJAK Dvorana osnovne \u0161kole Mihael \u0160ilobod 16:30-17:30 SRIJEDA Dvorana osnovne \u0161kole Mihael \u0160ilobod 16:30-17:30 PETAK Dvorana osnovne \u0161kole Mihael&hellip;<\/p>\n","protected":false},"author":1,"featured_media":0,"parent":0,"menu_order":0,"comment_status":"closed","ping_status":"closed","template":"","meta":{"footnotes":""},"class_list":["post-1129","page","type-page","status-publish","hentry"],"jetpack_sharing_enabled":true,"_links":{"self":[{"href":"https:\/\/rk-mladost-sm.hr\/index.php?rest_route=\/wp\/v2\/pages\/1129","targetHints":{"allow":["GET"]}}],"collection":[{"href":"https:\/\/rk-mladost-sm.hr\/index.php?rest_route=\/wp\/v2\/pages"}],"about":[{"href":"https:\/\/rk-mladost-sm.hr\/index.php?rest_route=\/wp\/v2\/types\/page"}],"author":[{"embeddable":true,"href":"https:\/\/rk-mladost-sm.hr\/index.php?rest_route=\/wp\/v2\/users\/1"}],"replies":[{"embeddable":true,"href":"https:\/\/rk-mladost-sm.hr\/index.php?rest_route=%2Fwp%2Fv2%2Fcomments&post=1129"}],"version-history":[{"count":2,"href":"https:\/\/rk-mladost-sm.hr\/index.php?rest_route=\/wp\/v2\/pages\/1129\/revisions"}],"predecessor-version":[{"id":1980,"href":"https:\/\/rk-mladost-sm.hr\/index.php?rest_route=\/wp\/v2\/pages\/1129\/revisions\/1980"}],"wp:attachment":[{"href":"https:\/\/rk-mladost-sm.hr\/index.php?rest_route=%2Fwp%2Fv2%2Fmedia&parent=1129"}],"curies":[{"name":"wp","href":"https:\/\/api.w.org\/{rel}","templated":true}]}}