{"id":1127,"date":"2024-12-31T20:21:18","date_gmt":"2024-12-31T19:21:18","guid":{"rendered":"https:\/\/rk-mladost-sm.hr\/?page_id=1127"},"modified":"2025-09-21T11:37:23","modified_gmt":"2025-09-21T09:37:23","slug":"raspored-treninga-seniori","status":"publish","type":"page","link":"https:\/\/rk-mladost-sm.hr\/?page_id=1127","title":{"rendered":"RASPORED TRENINGA SENIORI"},"content":{"rendered":"\n<p><\/p>\n\n\n\n<figure class=\"wp-block-table is-style-stripes\"><table class=\"has-fixed-layout\" style=\"border-width:36px\"><tbody><tr><td>PONEDJELJAK<\/td><td>Dvorana osnovne \u0161kole Samobor<\/td><td>21:00 &#8211; 22:30<\/td><\/tr><tr><td>UTORAK<\/td><td>Sportska dvorana osnovne \u0161kole Bogumil Toni<\/td><td>21:30 &#8211; 23:00<\/td><\/tr><tr><td>\u010cETVRTAK<\/td><td>Sportska dvorana osnovne \u0161kole Bogumil Toni<\/td><td>21:30 &#8211; 23:00<\/td><\/tr><\/tbody><\/table><\/figure>\n\n\n\n<p><\/p>\n\n\n\n<p><\/p>\n","protected":false},"excerpt":{"rendered":"<p>PONEDJELJAK Dvorana osnovne \u0161kole Samobor 21:00 &#8211; 22:30 UTORAK Sportska dvorana osnovne \u0161kole Bogumil Toni 21:30 &#8211; 23:00 \u010cETVRTAK Sportska&hellip;<\/p>\n","protected":false},"author":1,"featured_media":0,"parent":0,"menu_order":0,"comment_status":"closed","ping_status":"closed","template":"","meta":{"footnotes":""},"class_list":["post-1127","page","type-page","status-publish","hentry"],"jetpack_sharing_enabled":true,"_links":{"self":[{"href":"https:\/\/rk-mladost-sm.hr\/index.php?rest_route=\/wp\/v2\/pages\/1127","targetHints":{"allow":["GET"]}}],"collection":[{"href":"https:\/\/rk-mladost-sm.hr\/index.php?rest_route=\/wp\/v2\/pages"}],"about":[{"href":"https:\/\/rk-mladost-sm.hr\/index.php?rest_route=\/wp\/v2\/types\/page"}],"author":[{"embeddable":true,"href":"https:\/\/rk-mladost-sm.hr\/index.php?rest_route=\/wp\/v2\/users\/1"}],"replies":[{"embeddable":true,"href":"https:\/\/rk-mladost-sm.hr\/index.php?rest_route=%2Fwp%2Fv2%2Fcomments&post=1127"}],"version-history":[{"count":5,"href":"https:\/\/rk-mladost-sm.hr\/index.php?rest_route=\/wp\/v2\/pages\/1127\/revisions"}],"predecessor-version":[{"id":1976,"href":"https:\/\/rk-mladost-sm.hr\/index.php?rest_route=\/wp\/v2\/pages\/1127\/revisions\/1976"}],"wp:attachment":[{"href":"https:\/\/rk-mladost-sm.hr\/index.php?rest_route=%2Fwp%2Fv2%2Fmedia&parent=1127"}],"curies":[{"name":"wp","href":"https:\/\/api.w.org\/{rel}","templated":true}]}}